factors of 8080992.
2, 3, 47, 199
List the prime factors of 2972181.
3, 29, 127, 269
What are the prime factors of 301503?
3, 100501
What are the prime factors of 260896?
2, 31, 263
What are the prime factors of 4470286?
2, 17, 131479
List the prime factors of 13312367.
1061, 12547
List the prime factors of 38797.
11, 3527
List the prime factors of 53262.
2, 3, 11, 269
List the prime factors of 41364.
2, 3, 383
What are the prime factors of 1770040?
2, 5, 17, 19, 137
List the prime factors of 1078044.
2, 3, 11, 8167
List the prime factors of 1435771.
1019, 1409
List the prime factors of 36238.
2, 18119
What are the prime factors of 12789721?
7, 1827103
What are the prime factors of 54099?
3, 6011
What are the prime factors of 5146490?
2, 5, 514649
List the prime factors of 1021779.
3, 11, 10321
What are the prime factors of 350627?
547, 641
List the prime factors of 1336603.
1336603
What are the prime factors of 17496631?
1847, 9473
List the prime factors of 12309648.
2, 3, 13, 19727
List the prime factors of 1005377.
47, 21391
List the prime factors of 4518266.
2, 2259133
List the prime factors of 46646.
2, 83, 281
What are the prime factors of 555404?
2, 23, 6037
List the prime factors of 1318212.
2, 3, 7, 5231
List the prime factors of 110106.
2, 3, 2039
List the prime factors of 57695.
5, 11, 1049
List the prime factors of 22692293.
13, 1745561
List the prime factors of 557388.
2, 3, 13, 397
List the prime factors of 24014196.
2, 3, 139, 4799
What are the prime factors of 5168155?
5, 1033631
List the prime factors of 714660.
2, 3, 5, 43, 277
What are the prime factors of 1100793?
3, 131, 2801
List the prime factors of 2781324.
2, 3, 7, 13, 283
List the prime factors of 777716.
2, 17, 11437
List the prime factors of 3744033.
3, 1248011
List the prime factors of 7125345.
3, 5, 158341
List the prime factors of 343105.
5, 7, 9803
List the prime factors of 350798.
2, 7, 25057
List the prime factors of 217646.
2, 11, 13, 761
List the prime factors of 966133.
7, 19717
What are the prime factors of 203757?
3, 23, 2953
What are the prime factors of 7004960?
2, 5, 43781
What are the prime factors of 304180?
2, 5, 67, 227
List the prime factors of 637547.
37, 17231
List the prime factors of 478900.
2, 5, 4789
What are the prime factors of 2907255?
3, 5, 13, 17, 877
What are the prime factors of 13111113?
3, 101, 43271
List the prime factors of 4761586.
2, 2380793
List the prime factors of 231348.
2, 3, 13, 1483
What are the prime factors of 138321?
3, 47, 109
List the prime factors of 331285.
5, 59, 1123
List the prime factors of 233102.
2, 29, 4019
List the prime factors of 1986621.
3, 7, 13, 19, 383
List the prime factors of 3622797.
3, 383, 1051
What are the prime factors of 15362488?
2, 19, 211, 479
What are the prime factors of 643090?
2, 5, 7, 9187
List the prime factors of 1811308.
2, 19, 23833
List the prime factors of 674250.
2, 3, 5, 29, 31
What are the prime factors of 368846?
2, 311, 593
What are the prime factors of 1032034?
2, 516017
List the prime factors of 412770.
2, 3, 5, 13759
List the prime factors of 80731.
7, 19, 607
What are the prime factors of 208634?
2, 73, 1429
List the prime factors of 166338.
2, 3, 9241
What are the prime factors of 2190237?
3, 7, 104297
What are the prime factors of 1899704?
2, 83, 2861
List the prime factors of 16014151.
16014151
What are the prime factors of 341852?
2, 7, 29, 421
List the prime factors of 16603668.
2, 3, 311, 1483
List the prime factors of 72247.
7, 10321
List the prime factors of 271268.
2, 73, 929
What are the prime factors of 324873?
3, 36097
List the prime factors of 3806390.
2, 5, 7, 54377
List the prime factors of 408109.
13, 31393
What are the prime factors of 751201?
11, 47, 1453
List the prime factors of 3546755.
5, 709351
What are the prime factors of 2578211?
131, 19681
List the prime factors of 109715.
5, 21943
List the prime factors of 12936148.
2, 61, 53017
What are the prime factors of 2772679?
7, 13, 30469
What are the prime factors of 17592525?
3, 5, 67, 389
What are the prime factors of 33427498?
2, 13, 19, 157, 431
List the prime factors of 989538.
2, 3, 11, 29, 47
What are the prime factors of 3411828?
2, 3, 7, 4513
List the prime factors of 85884.
2, 3, 17, 421
What are the prime factors of 521687?
233, 2239
What are the prime factors of 1272396?
2, 3, 106033
What are the prime factors of 8423202?
2, 3, 443, 3169
What are the prime factors of 22179805?
5, 4435961
What are the prime factors of 91870?
2, 5, 9187
What are the prime factors of 1142613?
3, 101, 419
What are the prime factors of 7283229?
3, 449, 5407
List the prime factors of 4217392.
2, 19, 13873
What are the prime factors of 260201?
260201
List the prime factors of 229852.
2, 7, 8209
List the prime factors of 2472764.
2, 7, 47, 1879
List the prime factors of 3050883.
3, 11, 30817
List the prime factors of 13986.
2, 3, 7, 37
What are the prime factors of 267834?
2, 3, 7, 911
What are the prime factors of 480631?
23, 20897
What are the prime factors of 102129?
3, 59, 577
What are the prime factors of 16445673?
3, 191, 1063
What are the prime factors of 7863584?
2, 31, 7927
List the prime factors of 1294202.
2, 7, 13, 547
What are the prime factors of 577287?
3, 7127
List the prime factors of 5181182.
2, 223, 11617
List the prime factors of 27030950.
2, 5, 540619
List the prime factors of 2428035.
3, 5, 161869
List the prime factors of 500164.
2, 7, 17863
List the prime factors of 1234222.
2, 11, 56101
What are the prime factors of 5383741?
11, 489431
What are the prime factors of 136202?
2, 11, 41, 151
List the prime factors of 24436296.
2, 3, 113131
What are the prime factors of 238383?
3, 109
What are the prime factors of 200602?
2, 19, 5279
What are the prime factors of 1271835?
3, 5, 9421
List the prime factors of 1542526.
2, 443, 1741
What are the prime factors of 6875790?
2, 3, 5, 419, 547
List the prime factors of 53485.
5, 19, 563
List the prime factors of 4205407.
79, 53233
What are the prime factors of 2565354?
2, 3, 11, 47, 827
What are the prime factors of 6852752?
2, 428297
List the prime factors of 993275.
5, 67, 593
List the prime factors of 287178.
2, 3, 23, 2081
What are the prime factors of 499038?
2, 3, 31, 2683
What are the prime factors of 3303208?
2, 412901
List the prime factors of 1050819.
3, 7, 11, 4549
List the prime factors of 6514083.
3, 23, 31469
List the prime factors of 11152814.
2, 5576407
What are the prime factors of 23818700?
2, 5, 17, 14011
What are the prime factors of 13851642?
2, 3, 7, 329801
List the prime factors of 12167182.
2, 19, 29, 61, 181
What are the prime factors of 679714?
2, 7, 47, 1033
What are the prime factors of 398106?
2, 3, 17, 1301
List the prime factors of 2566349.
19, 7109
List the prime factors of 15050421.
3, 557423
What are the prime factors of 2035927?
2035927
List the prime factors of 184940.
2, 5, 7, 1321
List the prime factors of 1404610.
2, 5, 23, 31, 197
List the prime factors of 11934966.
2, 3, 1989161
List the prime factors of 2009549.
97, 20717
What are the prime factors of 398114?
2, 67, 2971
List the prime factors of 7731697.
89, 109, 797
What are the prime factors of 7133?
7, 1019
List the prime factors of 2793278.
2, 37, 37747
What are the prime factors of 17537?
13, 19, 71
List the prime factors of 712908.
2, 3, 7, 23, 41
What are the prime factors of 5437803?
3, 7, 31, 8353
List the prime factors of 938870.
2, 5, 93887
What are the prime factors of 17342110?
2, 5, 103, 113, 149
List the prime factors of 3528546.
2, 3, 7, 29, 2897
List the prime factors of 280013.
280013
List the prime factors of 26928872.
2, 3366109
List the prime factors of 9691637.
727, 13331
List the prime factors of 629840.
2, 5, 7873
What are the prime factors of 5400726?
2, 3, 900121
List the prime factors of 15335401.
79, 194119
What are the prime factors of 62819?
62819
List the prime factors of 226252.
2, 13, 19, 229
What are the prime factors of 785838?
2, 3, 130973
List the prime factors of 415058.
2, 7, 23, 1289
List the prime factors of 3348870.
2, 3, 5, 7, 37, 431
What are the prime factors of 1139148?
2, 3, 31643
List the prime factors of 29397266.
2, 23, 71, 9001
What are the prime factors of 1625902?
2, 421, 1931
What are the prime factors